 = -2*u - i + 30. What is the units digit of u?
7
Suppose 4*x - 480 = -3*a, -2*a + 3*a = 3*x + 147. What is the hundreds digit of a?
1
Suppose 5*w + 0*h + 2147 = -3*h, 4*h - 4 = 0. What is the tens digit of ((-9)/6)/(15/w)?
4
Suppose -t - 2*t + 4*r - 155 = 0, -2*r - 2 = 0. Let b = 94 + t. What is the units digit of b?
1
Let l(t) be the first derivative of -t**3/3 - 9*t**2 + 27*t + 4. What is the units digit of l(-14)?
3
Suppose 10*g - 43 = 7. What is the units digit of 33/g*(6 + (2 - 3))?
3
Let j(t) = -2*t**3 + t**2 + 4*t - 4. What is the units digit of j(-2)?
8
Let o = -943 - -1563. What is the hundreds digit of o?
6
Let u(a) = -47*a + 7. Let k be u(-3). Let z = k - 11. What is the hundreds digit of z?
1
Let s(n) = n**2 + n + 12. Suppose -5*o - 5 = 2*d, 4*d - 4 = -0*d + 4*o. Let t be s(d). Suppose 0 = 8*v - t*v + 92. What is the tens digit of v?
2
What is the tens digit of 88*(-6)/(-4)*24?
6
Suppose -4*q = 3*y - 12, 2*q = 4*y - 2 - 14. Suppose 3*b = 2 + y. Suppose -6*g + 60 = -b*g. What is the units digit of g?
5
Let n = 614 + -49. What is the tens digit of n?
6
Let p(x) be the first derivative of x**2 + 4*x + 1. Suppose 25 = 5*i - 5*d, 4*i - 6*i - 5*d + 45 = 0. What is the units digit of p(i)?
4
Let j(d) = -182*d + 7. What is the units digit of j(-7)?
1
Let x = -1337 - -2694. What is the tens digit of x?
5
Let w be 203 - (-6)/(4 + -1). Let y = w - 141. What is the units digit of y?
4
Suppose 2612*j + 18508 = 2619*j. What is the units digit of j?
4
Suppose 559 = 3*f + 376. What is the tens digit of f?
6
What is the thousands digit of -643*(4 - -5*18/(-15))?
1
What is the units digit of (-13524)/(-10) + 6 + 2/(-5)?
8
Suppose 0 = n - 2*n - 4, n + 130 = -3*m. Let t = m + 61. Let l = t + -1. What is the tens digit of l?
1
Let z(a) = a**3 + 19*a**2 - 2*a + 6. Let g be (-4)/6*228/8. What is the tens digit of z(g)?
4
Suppose 0 = -2*y - 0*y - 84. Let i be (-1)/(12/24 + 32/(-62)). Let j = i + y. What is the tens digit of j?
2
Suppose 24*o - 81967 = -23023. What is the hundreds digit of o?
4
What is the hundreds digit of ((-72)/(-54))/((-4)/(-1740))?
5
Let d be ((-22)/6)/((-3)/18*2). Suppose -d*m = -12*m + 136. What is the tens digit of m?
3
Let l = 875 - 335. What is the tens digit of l?
4
Let o = 3 - 12. Suppose -b - 7 = 20. What is the tens digit of (o/b)/(2/282)?
4
Let t(s) = -s. Let m be t(-2). Suppose -4*f + 4*p = -20, -m*f - 3*p = -0*p + 15. Suppose f = i + 2*i - 123. What is the tens digit of i?
4
Let v(l) = 95*l**2 - l. Let z be v(2). Suppose 7*n - n - z = 0. Suppose -4*k + n = -9. What is the tens digit of k?
1
Let o = -318 + 322. Let y be (-2 + 1)*4/(-1). Suppose 4*h - y*k = -0*h + 160, 0 = -3*h - o*k + 85. What is the tens digit of h?
3
What is the units digit of ((-76)/(-20)*5)/(1/13)?
7
Let d = 22 + 139. What is the tens digit of d?
6
Let w(k) = 162*k - 11. What is the tens digit of w(1)?
5
What is the tens digit of (-8)/(-6)*(-81978)/(-104)?
5
What is the hundreds digit of 1906/4 - 5/(9 - -1)?
4
Let i(u) = u**3 + 3*u**2 - u + 6. Let q be i(-5). Let o be (-5 - (-7 - -85)) + 0/2. Let r = q - o. What is the tens digit of r?
4
Let z be -2 + 1 - (-6 + -489)/3. Suppose l + 3*r + 353 = 5*l, 0 = -2*l + 4*r + z. What is the units digit of l?
2
Let n = 28 - 50. Let t be 23/(-46) - 55/(-2). What is the tens digit of t*(n/(-6) + -3)?
1
Suppose -a + 702 = 3*y, -y - 2*a - 35 = -264. What is the units digit of y?
5
Let t be 6/(-15) + ((-37)/(-5) - -3). Suppose 0 = t*c - c - 252. What is the units digit of c?
8
Suppose 9*f - 4*g - 3488 = 5*f, -4*f = 3*g - 3453. What is the units digit of f?
7
Suppose -2*w = 3*w + 4*r - 35, 31 = 2*w + 5*r. Let v = w + -3. Suppose 4*o + v = 4. What is the units digit of o?
1
Let s = -83 - -70. Let n(m) = -7*m. What is the units digit of n(s)?
1
Let p be 0*3/12*4. Suppose 0 = 4*r + 2*b - 162 - 252, p = 5*r - 5*b - 555. What is the units digit of r?
6
Let a(g) = -5*g - 10. Let b be a(-6). Suppose 0*k = -4*k - b, -5*v = 4*k - 20. What is the units digit of v?
8
Let k(f) = -16*f - 1. Let i(m) = 8*m. Let o(r) = -5*i(r) - 3*k(r). Let n be o(-6). What is the tens digit of -3*(-8)/(-36)*n?
3
Suppose j = i + 408, 4*j - 1546 = 3*i + 89. What is the units digit of j?
1
Let r = -5 - -11. Let h(w) be the third derivative of w**5/60 - 5*w**4/24 + 7*w**3/6 - 10*w**2 + 2. What is the units digit of h(r)?
3
Let h(q) be the second derivative of -3*q**5/5 - q**4/3 - q**3 - 7*q**2/2 + 6*q - 1. What is the units digit of h(-3)?
9
Suppose -2*n + 4*g = -18, -g = 2*n + 2*g + 3. What is the units digit of 26 - (12/n + -3)?
5
Let z be ((-285)/(-38))/(2/4*1). Suppose 14*n + 79 = z*n. What is the units digit of n?
9
Let t(r) = r**3 - 5*r**2 + 9*r + 8. Let n(c) = c**3 - 4*c**2 + 10*c + 9. Let x(b) = -2*n(b) + 3*t(b). What is the units digit of x(6)?
2
What is the units digit of (-175882)/(-154) - 2/22?
2
Let s = 20 + 243. What is the tens digit of s?
6
Let d = 1701 - 1169. What is the hundreds digit of d?
5
Let s(i) = 2*i. Let l be s(-8). Let y be ((-2)/3)/((-2)/36). Let f = y - l. What is the tens digit of f?
2
Suppose 24*k = 31*k - 8218. What is the tens digit of k?
7
Let n = -12 - -17. Let x be (-5 - 1)/2 - n. What is the tens digit of x/(-4) - (-3 - 35)?
4
Let o be (4 - -1) + (-1)/1. Let m be ((-8)/(-14))/((-30)/(-105)). Suppose 0 + o = m*f. What is the units digit of f?
2
Let w(p) = -p**3 + p + 30. Let l = 5 - 5. What is the tens digit of w(l)?
3
Let m(n) = -10*n**3 - 2*n**2 + 3*n + 3. Let f(q) = -q**2 - 2*q + 1. Let i be f(1). What is the tens digit of m(i)?
6
Suppose 0 = -5*s - 10, 9*f - 3324 = 5*f + 2*s. What is the hundreds digit of f?
8
Suppose 5*d - 14320 = -k, -4*d + k + 9228 = -2219. What is the tens digit of d?
6
Suppose -3*g - 97 - 23 = -4*q, -2*g - 81 = -3*q. Let m = 40 + g. What is the units digit of m/((8 - 3)/50)?
0
Let v(h) = -14*h + 4*h + h**2 - 2 - 2*h**2. Suppose b + 20 = -4*x, -b = -3*x + 1 - 9. What is the tens digit of v(x)?
2
Suppose -2*v = -2*o - 18, -2*v - 12 = -4*v - 4*o. Suppose v*j - 165 = 3*j. Suppose 0*b - j = -b - x, 2*b - x = 81. What is the tens digit of b?
3
Suppose -5*h + 923 = 158. What is the tens digit of h?
5
Suppose -909 = -2*x + 3*j, -5*x = 4*j - 765 - 1565. What is the units digit of x?
2
Let q = 34 - 34. Suppose -t - 2*t + 312 = q. What is the tens digit of (-15 + 14)/((-2)/t)?
5
Suppose 0 = -k + 2*l + 19, 0 = 3*k + 5*l - l - 7. What is the tens digit of 8*(k - (-2 + 1))?
8
Let i(h) be the third derivative of h**5/60 + 11*h**4/24 + 5*h**3/2 + 9*h**2. Let l be i(-10). Suppose -l*f = -f - 8. What is the units digit of f?
2
Let w(i) = -9*i**3 + i**2 - i - 21. Let a(q) = 5*q**3 - q**2 + q + 11. Let r(t) = -11*a(t) - 6*w(t). What is the units digit of r(4)?
1
Let l be (-77)/(-5) + 2/(-5). What is the units digit of (-1)/((-3)/l - 0)?
5
Suppose -12 - 12 = -3*f. Suppose 6*r - f*r = -174. What is the tens digit of r?
8
What is the thousands digit of 148116/66 - 4/22?
2
Suppose 2*q - 1950 = 334. What is the tens digit of q?
4
Suppose -3*v - 38 = -4*n, -4*v - n = -v + 58. Let b(q) = -18*q**2 - 8 + 0*q - 3*q - 17 - q**3. What is the tens digit of b(v)?
2
Suppose 11*t - 5948 - 355 = 0. What is the hundreds digit of t?
5
Let j(p) be the third derivative of -41*p**4/24 + p**3/2 - 11*p**2. What is the tens digit of j(-1)?
4
Suppose -39*i + 24*i + 3210 = 0. What is the tens digit of i?
1
What is the hundreds digit of (4 + ((-712)/(-6) - -1))*9?
1
Let l(d) = 228*d - 17. What is the tens digit of l(8)?
0
Suppose 57*a - 48*a = 15822. What is the thousands digit of a?
1
Suppose 4*i + 4*z = 2164, -2*i - 1086 = -4*i - 3*z. Let y = i + -243. What is the hundreds digit of y?
2
Suppose 0*f - 3*f + 73 = 4*p, -4*f = -5*p + 130. What is the units digit of p?
2
Let w(n) = -7*n - 26 + 8*n + n**2 - 13*n. What is the units digit of w(16)?
8
Let u(z) = 0*z + z + 10 + 5 + 3. Let a(o) = -6. Let y(n) = 8*a(n) + 3*u(n). What is the units digit of y(8)?
0
Let m be 21/(-2)*(-14)/1. Suppose v - 8*v = -m. What is the tens digit of v?
2
Let g be (-2)/(-9) - (-4)/(-18). Let f be (g + -3)/((-33)/220). Suppose -3*c = -f - 4. What is the units digit of c?
8
Suppose -22*o + 24050 = 4*o. What is the hundreds digit of o?
9
Let g be ((-5)/(-1) - 3) + (0 - -61). What is the hundreds digit of 18/g + 1769/7?
2
Suppose 0 = 4*m - 5*p - 5291, -3*m - 25*p